-3*p + 154. What is the tens digit of p?
5
Suppose -23 - 22 = -3*w. Let v(o) = 51 + 11*o - 2*o + 2*o - 18 + 0*o. What is the units digit of v(w)?
8
Suppose 0 = -z - 4*z + 10. Let j(n) = 4*n - 4. Let r be j(z). What is the units digit of r*-3*(-21)/28?
9
Suppose -42 = -5*k - 27. Suppose -5*u + 448 = v, 4*u + 1637 = k*v + 312. What is the tens digit of v?
4
Let f = -166 + 163. What is the hundreds digit of (f - 12/(-3))*771?
7
Let k(n) = 2*n**2 - 5*n + 8*n**2 - n**3 - 3*n**2 - 1. Let s be k(6). Suppose 2*c - 3 = -x - 0*x, -s*x + 2 = -3*c. What is the units digit of x?
1
Suppose -7*o + 26 + 9 = 0. Suppose 2*x - 54 = -2*u - 3*u, -x + 57 = o*u. What is the tens digit of (344/(-6))/(0 + (-8)/u)?
8
Suppose 102*x - 99*x = -27. What is the tens digit of (x + 7 - 6) + 679?
7
Suppose -17*f - 300751 - 51029 = -83*f. What is the tens digit of f?
3
Suppose 0 = t + 2*f - 9 + 13, -4*f - 8 = 0. Suppose t = 3*c - 878 - 343. What is the tens digit of c?
0
Let y(z) = -20*z - 26. Let g(a) = -2*a**2 + 1 + 0 + 4*a + 0. Let c be g(3). What is the tens digit of y(c)?
7
Let i(y) = -5*y**3 - y**2 + y + 1. Let m be i(-1). Let o be 84/27 - m/36. Suppose -p - 359 = -4*j - 144, -5*p = -o*j + 140. What is the units digit of j?
5
Suppose 2*g + 12 = -4*c, -2*g + 3*g - 5*c = 1. What is the units digit of 498*5*(g - 9/(-2))?
5
Suppose 0 = -c + 3*b + 55014, 46*c = 42*c - 4*b + 220056. What is the hundreds digit of c?
0
Suppose 2*o + 0*l - 3*l - 16 = 0, -3*l - 14 = -o. Suppose 2*p = 4*m + 206 - 60, o*p + 2*m - 116 = 0. What is the units digit of (0 + 1)/(7/p)?
9
What is the tens digit of 14 + (16 - 5 - -2202)?
2
Suppose 0 = -8*v + 11*v - 2613. Let h = v + -447. What is the units digit of h?
4
Suppose -4*q - 6*f - 27 = -3*f, -3*q + 2*f = 16. What is the thousands digit of (-4 + -6 - q)/(2/(-581))?
1
Let z = 21 + -13. Suppose -3*w = -z*w. Suppose w = 6*r + r - 91. What is the tens digit of r?
1
Suppose 99*l - 102*l + 10478 = 2*n, 5*l = -5*n + 26195. What is the thousands digit of n?
5
Suppose -5*b + 3*b = 14. Let u be 2134/(-4)*-1 - b/14. What is the tens digit of (-4 - u/(-12)) + 1/(-2)?
4
Suppose -5*x = 348*f - 343*f - 54120, 2*f = 3*x - 32457. What is the thousands digit of x?
0
Suppose -q = -4*u + 192 + 254, u + 5*q - 122 = 0. Suppose 4*z - u = 1684. What is the units digit of z?
9
Suppose 4*y - 7820 = -4*s, 5*y - s - 5254 = 4485. What is the hundreds digit of y?
9
Suppose 24718 - 3080 = 5*x - 3*y, 4*x + y = 17307. What is the tens digit of x?
2
Let r = 26 - 13. Suppose 0 = 4*f - z + r, -z = -f + z + 2. What is the units digit of 1/f - ((-2805)/20 - -1)?
9
Suppose -4*m + 3*v - 203 - 131 = 0, 3*v = -3*m - 240. Suppose -7*d - 863 = 747. Let p = m - d. What is the units digit of p?
8
What is the hundreds digit of 8/(-44) + 351087/363?
9
Let h = 82 - 78. Suppose 0 = h*z + 4*y - 200, 3*z + 4*y = 157 - 6. What is the units digit of z?
9
Let l(t) = -t**2 - 5*t. Let g be l(-4). Let o(w) be the first derivative of w**4/4 - w**3/3 - 3*w**2 + 9*w + 109. What is the units digit of o(g)?
3
Let c(g) = 3*g**3 + 44*g**2 + 23*g + 143. Let b(l) = 2*l**3 + 45*l**2 + 23*l + 142. Let i(r) = -4*b(r) + 3*c(r). What is the thousands digit of i(49)?
1
Let f = 165 + 3063. What is the units digit of f?
8
Let g(z) = -z**3 - 4*z**2 - 4*z - 3. Let j be g(-3). Suppose 13*a - 3658 - 8172 = j. What is the tens digit of a?
1
Let w(g) = 148*g**2 + 87*g - 29. What is the thousands digit of w(7)?
7
Let u be -2 - (-1)/((-2)/208). Let n = 130 + u. What is the tens digit of n?
2
Let w be 3 - (-24 - (-2)/1). Suppose 0 = 3*u - 5*n - 22, -w = -u + 5*n - 1. What is the units digit of 274/(-4)*u*(37 + -35)?
7
Let n = 362 + -34. Suppose 0 = -m + 2, 3*t + 2*m + n = 5*t. What is the units digit of t?
6
Suppose 19*k + 36 = 22*k. Let x be 6/k - (-1 - 25/(-2)). Let n(o) = -9*o - 34. What is the tens digit of n(x)?
6
Suppose 46*y + 55*y - 127903 = 78*y. What is the tens digit of y?
6
Let q be 1*44/(-1 - -5). Suppose -q*u + 18*u - 1372 = 0. What is the hundreds digit of u?
1
Suppose -2*j + 17138 - 6903 = 5*b, 2*b - 4100 = -2*j. What is the thousands digit of b?
2
Let r(a) = -a**3 + 4*a**2 + 8*a - 9. Let j be r(5). Let b(c) = 8*c**2 - 10*c + 21. Let n be b(j). Let z = n - 153. What is the tens digit of z?
9
Let b(v) = -7*v**3 - 10*v**2 + 5*v + 33. Let u(d) = -8*d**3 - 10*d**2 + 4*d + 33. Let s(r) = 3*b(r) - 2*u(r). What is the thousands digit of s(-7)?
1
Suppose 0 = 208*m - 171*m - 207089. What is the thousands digit of m?
5
Let u = 8277 + -2088. What is the thousands digit of u?
6
Let s = -89 + 114. Suppose -4646 = -s*q + 8829. What is the units digit of q?
9
Suppose j = -2*k + 1, -3*k + 4*j = 5*j - 2. Let y be 1 - -3 - (k + 0). Suppose a + 5 = 2, -27 = -y*o - 3*a. What is the tens digit of o?
1
Let i(p) be the second derivative of 5*p**4/12 - 7*p**3/3 - 77*p**2/2 - 74*p. What is the tens digit of i(-8)?
5
Suppose n = -8*i + 6*i - 3, 3 = 4*i + 5*n. Let d be -5 - i - (2 - -1). What is the units digit of 0 + d + 10 + -1?
4
Let y = 15091 - 7913. What is the hundreds digit of y?
1
Suppose 4*h = p - 699, 4*p - 2184 = 5*h + 601. Suppose 3*q + 2*q = p. Let z = q - 66. What is the units digit of z?
3
Suppose -2*y + 205679 = 5*s, 2*s + 5*y - 82301 = -0*y. What is the tens digit of s?
3
Let z = 7918 + -846. What is the hundreds digit of z?
0
Let c = -7915 - -12786. What is the tens digit of c?
7
Suppose -40*f + 45*f + 5*s - 34740 = 0, -4*f = -4*s - 27816. What is the thousands digit of f?
6
What is the units digit of 61*((-1)/(-5)*-3)/((-73)/26645)?
9
Suppose 2*t = -0*t + 10. Let r(d) = 34*d**2 - 8*d + 15. What is the hundreds digit of r(t)?
8
Suppose 5*n - 25 = 4*l, -20 = -4*n + l + 4*l. Suppose -1203 = -n*r - 4*h, -5*h = -10*h + 10. Suppose -r = -2*x - 71. What is the units digit of x?
4
Suppose -1708 = 2*s - 5*s - c, 5*s - 2832 = 2*c. Suppose -912 - s = -4*v. What is the tens digit of v?
7
Let a = 2 + -2. Let i be (-6125)/(-1375) + 6/11. Suppose a = q - 3, 0*n + 667 = i*n - q. What is the hundreds digit of n?
1
Suppose 1379*o - 1366*o - 286 = 0. What is the units digit of o?
2
Let h(c) = -c**3 + 4*c**2 + 35*c + 6. Let v be h(8). Suppose -12*t - v - 18 = 0. What is the hundreds digit of (0/t + 0)/2 + 142?
1
Let k be (1/(1/(-1)) - -73) + 3. Let z = 73 - k. What is the hundreds digit of (-31)/(z/(-24)*-3)?
1
Suppose 10*v + 3*a - 32 = 6*v, -2*a = 2*v - 18. Suppose -2*y = -v*t + 3*t - 548, 3*y = 2*t + 817. What is the hundreds digit of y?
2
Suppose 4*g + 91 = 99. What is the tens digit of (((-515)/g)/5)/((-1)/2)?
0
Let z(l) = -19*l - 144. Let u(o) = -2*o - 52. Let a be u(-7). What is the units digit of z(a)?
8
Let l = 146855 - 100317. What is the thousands digit of l?
6
Let j = 61038 + -36549. What is the ten thousands digit of j?
2
Suppose -14*p - 4*p = -144. Suppose p*u = 377 + 3319. What is the tens digit of u?
6
Let c be (6/63*-4677)/(3/(-21)). What is the units digit of (-10)/45 - (c/(-18) - -3)?
0
Let o be (-3)/((-4)/(-24)*-9). Suppose 5*k - 30 - 126 = -4*x, 228 = 5*x - o*k. What is the units digit of x?
4
What is the ten thousands digit of (14/(-4))/((-76)/493544)?
2
Let w be (-2 - (-39)/(-12))*368/(-6). Suppose 4*v = 2*z + 2*z - 432, w = 3*z - 5*v. What is the tens digit of z?
0
Suppose q = -5*w + 262, -2*w + 5*q + 109 = 4*q. Let i = 65 - w. Let d(l) = l**3 - 11*l**2 - 3*l - 26. What is the tens digit of d(i)?
8
Let b(r) = r**3 + 19*r**2 - 17*r + 6. Let m(t) = t**3 + 9*t**2 - 8*t + 2. Let x(n) = -3*b(n) + 7*m(n). What is the hundreds digit of x(4)?
3
Let i = -5629 + 35178. What is the thousands digit of i?
9
Let s(p) = -9*p + 146. Let m be s(13). Let f(l) = -l**2 + 39*l + 15. What is the tens digit of f(m)?
0
Let k(j) = 4*j**2 + 10*j + 34. Let c = 410 + -397. What is the units digit of k(c)?
0
Let h = 3 - -6. Let o be (10 - h)/(1/57). Suppose 4*g = o + 35. What is the tens digit of g?
2
Let z(l) = -l**3 + 8*l**2 - 42*l - 3. Let b be z(-10). Suppose -2*r + 4*t = -t - 1131, 5*t = -4*r + b. What is the hundreds digit of r?
5
Suppose 0 = 20*n - 113204 - 55996. What is the tens digit of n?
6
Let m be (6 + 0 + -1)/(139/556). Suppose 150*j - m = 149*j. What is the tens digit of j?
2
Let j = 86 + -78. Suppose -2 = 2*z - j. Suppose 2*w - z*w = -255. What is the tens digit of w?
5
Let d(f) = -15*f + 8. Let c be d(0). What is the hundreds d